
What is the greatest common factor of 3600 and 76649760?
720
What is the highest common divisor of 7825228 and 151754?
6598
Calculate the greatest common factor of 817717 and 26698857.
7939
Calculate the highest common factor of 364 and 14463163.
13
Calculate the greatest common divisor of 15760252 and 8.
4
What is the greatest common divisor of 21594276 and 205568?
3212
Calculate the highest common factor of 2947457 and 928182.
1369
Calculate the greatest common factor of 1629 and 20713821.
543
What is the highest common divisor of 2053202 and 2884?
206
Calculate the greatest common factor of 6672 and 14428464.
48
What is the highest common factor of 1182240 and 3312?
144
What is the greatest common divisor of 16521530 and 250?
10
What is the highest common factor of 256 and 443707520?
128
What is the greatest common factor of 17429 and 3255617?
601
What is the highest common divisor of 139587605 and 1905?
635
Calculate the greatest common factor of 2931320 and 446880.
5320
What is the greatest common divisor of 436977 and 58167?
207
Calculate the greatest common factor of 4140 and 309210390.
2070
What is the greatest common divisor of 46800 and 57502800?
3600
Calculate the greatest common divisor of 95 and 17285915.
95
Calculate the highest common divisor of 288572691 and 33.
33
What is the greatest common divisor of 12883 and 2777773?
991
What is the highest common divisor of 936975 and 275?
25
Calculate the greatest common factor of 37429410 and 714.
102
Calculate the greatest common factor of 4452 and 76672556.
212
Calculate the highest common divisor of 28728 and 1613898.
1026
What is the greatest common divisor of 144902 and 380646?
106
What is the greatest common factor of 38322 and 972198?
18
Calculate the highest common factor of 112 and 39373416.
8
Calculate the greatest common factor of 6840 and 4522920.
120
What is the highest common divisor of 36915574 and 5134?
302
Calculate the highest common divisor of 8328 and 19103391.
1041
What is the highest common divisor of 11310 and 2694?
6
Calculate the greatest common factor of 32405054 and 42064.
5258
Calculate the greatest common divisor of 9701474 and 74.
74
What is the greatest common divisor of 750 and 7528?
2
What is the greatest common factor of 2059975 and 1086776?
2227
Calculate the highest common factor of 7512 and 17768.
8
Calculate the greatest common factor of 255 and 47042995.
85
Calculate the greatest common factor of 6534 and 154880.
242
What is the highest common divisor of 2234153 and 171?
19
What is the greatest common factor of 45448567 and 1486?
743
Calculate the highest common factor of 1820025 and 810.
45
What is the highest common factor of 12419647 and 1591?
43
Calculate the greatest common divisor of 28539315 and 9065.
245
Calculate the greatest common divisor of 129668 and 394548.
308
What is the highest common divisor of 48 and 175641?
3
What is the highest common factor of 530880 and 1932?
84
Calculate the highest common factor of 30870 and 254078622.
6174
Calculate the greatest common divisor of 27363 and 328881.
21
What is the highest common factor of 76770 and 356946380?
8530
Calculate the highest common factor of 680552978 and 478.
478
Calculate the greatest common divisor of 186415 and 322.
23
What is the highest common factor of 6417 and 7432956?
207
What is the highest common divisor of 3745 and 7908905?
535
Calculate the highest common factor of 52918 and 2038.
2
Calculate the greatest common factor of 4542 and 17153620.
1514
What is the highest common factor of 673 and 422020129?
673
What is the highest common factor of 2 and 20645336?
2
What is the greatest common factor of 1040 and 122785?
65
What is the highest common divisor of 746592 and 86163?
231
What is the greatest common divisor of 9138978 and 51333?
213
What is the greatest common divisor of 105245788 and 171?
19
What is the highest common factor of 167608 and 57400?
2296
Calculate the greatest common divisor of 356398 and 476.
14
What is the highest common factor of 88 and 5788178?
22
What is the greatest common factor of 14168960 and 1640?
40
What is the highest common factor of 223866 and 558?
18
Calculate the highest common divisor of 318 and 95676.
6
Calculate the greatest common factor of 17155 and 496555.
235
What is the greatest common divisor of 54856890 and 990?
990
What is the highest common factor of 10912 and 751696?
176
Calculate the greatest common divisor of 13546 and 55653.
13
Calculate the greatest common divisor of 201456 and 79875.
9
Calculate the highest common divisor of 133796 and 793148.
332
What is the greatest common divisor of 10 and 21119455?
5
What is the highest common factor of 1005 and 472752?
201
Calculate the greatest common factor of 7720012 and 1448.
724
Calculate the greatest common factor of 28615 and 279845.
485
Calculate the highest common divisor of 668209900 and 40.
20
Calculate the highest common factor of 4994 and 108744577.
227
Calculate the greatest common divisor of 1778168 and 16.
8
Calculate the highest common factor of 246390367 and 51.
17
What is the greatest common divisor of 254250 and 157070?
1130
Calculate the highest common factor of 176588820 and 72.
36
What is the highest common factor of 103719396 and 748?
44
Calculate the greatest common factor of 192 and 470336.
64
Calculate the greatest common divisor of 6874 and 14240702.
14
What is the greatest common divisor of 6188011 and 4?
1
What is the highest common divisor of 1829784160 and 6880?
6880
Calculate the highest common divisor of 4232 and 347080.
8
What is the greatest common divisor of 1631 and 60337214?
1631
Calculate the highest common factor of 309906528 and 32.
32
What is the highest common factor of 2011656 and 46684?
4244
Calculate the greatest common divisor of 1023 and 3454671.
1023
What is the greatest common factor of 7751809 and 208?
13
Calculate the highest common factor of 98212 and 8901.
43
What is the highest common factor of 4810058 and 95106?
2882
What is the highest common divisor of 597 and 38067?
3
Calculate the highest common divisor of 115712455 and 13940.
3485
What is the greatest common factor of 2304 and 13778298?
18
Calculate the highest common factor of 1202 and 138559.
1
Calculate the highest common factor of 984216 and 20056.
184
What is the highest common divisor of 20499848 and 872?
872
What is the greatest common factor of 153 and 9494687?
17
Calculate the highest common factor of 11 and 28876441.
11
What is the greatest common factor of 47379294 and 1048?
262
What is the greatest common divisor of 17732 and 472967?
341
What is the greatest common divisor of 6808652 and 3919708?
7012
Calculate the highest common factor of 2647552 and 36352.
512
What is the greatest common factor of 233 and 720241?
1
What is the highest common factor of 119 and 16477930?
119
Calculate the highest common divisor of 5043410 and 328.
82
What is the greatest common divisor of 11660 and 32747?
11
What is the greatest common divisor of 60373649 and 112?
7
Calculate the highest common factor of 616745 and 3033815.
3565
What is the highest common divisor of 63982439 and 1682?
841
What is the highest common factor of 13936893 and 11?
1
Calculate the highest common factor of 5503968 and 966048.
2784
What is the greatest common divisor of 181346868 and 5922?
846
What is the highest common divisor of 92 and 4409408?
4
Calculate the highest common factor of 61573174 and 416.
26
Calculate the highest common factor of 1495760 and 3894318.
5342
Calculate the highest common factor of 753451761 and 876.
219
What is the highest common divisor of 1390107 and 17816?
17
Calculate the greatest common factor of 29101785 and 207.
69
What is the greatest common factor of 264663 and 4172?
7
Calculate the greatest common divisor of 7735 and 65093340.
1105
What is the highest common divisor of 1428000 and 270?
30
What is the highest common factor of 16960 and 392995?
265
Calculate the highest common factor of 597 and 174057937.
199
What is the highest common divisor of 427023884 and 17?
17
What is the highest common factor of 5964 and 3395788?
284
Calculate the greatest common divisor of 154329 and 735.
21
Calculate the highest common factor of 1296 and 2790512.
16
What is the gre